.
344
What is the remainder when 66712009 is divided by 3467?
3462
Calculate the remainder when 93450 is divided by 45645.
2160
Calculate the remainder when 216143 is divided by 5987.
611
Calculate the remainder when 145197 is divided by 602.
115
What is the remainder when 383140 is divided by 2116?
144
Calculate the remainder when 2601250 is divided by 301.
8
Calculate the remainder when 12110491 is divided by 113182.
17
Calculate the remainder when 116684 is divided by 753.
722
What is the remainder when 142070239 is divided by 104?
103
Calculate the remainder when 15523 is divided by 3667.
855
What is the remainder when 77604 is divided by 3731?
2984
Calculate the remainder when 1730473 is divided by 2427.
22
Calculate the remainder when 71071 is divided by 57.
49
Calculate the remainder when 53794 is divided by 69.
43
What is the remainder when 13750099 is divided by 2750018?
9
What is the remainder when 94599 is divided by 1432?
87
Calculate the remainder when 501585 is divided by 1515.
120
Calculate the remainder when 283500 is divided by 147.
84
Calculate the remainder when 145906701 is divided by 3866.
3861
What is the remainder when 1097107 is divided by 1436?
3
Calculate the remainder when 18600 is divided by 1305.
330
Calculate the remainder when 6699948 is divided by 50.
48
Calculate the remainder when 551021712 is divided by 311.
309
What is the remainder when 27540 is divided by 6867?
72
What is the remainder when 20283653 is divided by 963?
947
What is the remainder when 17156008 is divided by 2533?
2532
What is the remainder when 1281216 is divided by 1493?
222
Calculate the remainder when 33974498 is divided by 178.
172
What is the remainder when 133262877 is divided by 2661?
2658
What is the remainder when 9963663 is divided by 8920?
23
Calculate the remainder when 444084 is divided by 27753.
36
Calculate the remainder when 61889 is divided by 222.
173
Calculate the remainder when 14275078 is divided by 1784359.
206
Calculate the remainder when 119882 is divided by 113.
102
Calculate the remainder when 259897850 is divided by 64.
58
What is the remainder when 8100179 is divided by 273?
269
Calculate the remainder when 312743 is divided by 2765.
298
Calculate the remainder when 47220346 is divided by 232.
226
What is the remainder when 56244 is divided by 450?
444
What is the remainder when 13497804 is divided by 2011?
1983
What is the remainder when 710618 is divided by 88672?
1242
Calculate the remainder when 444708 is divided by 441401.
3307
What is the remainder when 8043717 is divided by 2976?
2565
Calculate the remainder when 10798 is divided by 10721.
77
Calculate the remainder when 468302 is divided by 36023.
3
Calculate the remainder when 363460 is divided by 985.
980
What is the remainder when 170917 is divided by 18952?
349
What is the remainder when 32202400 is divided by 3701?
3700
Calculate the remainder when 906805 is divided by 129543.
4
What is the remainder when 6539230 is divided by 7?
5
What is the remainder when 21368977 is divided by 10?
7
Calculate the remainder when 2129528 is divided by 43458.
86
Calculate the remainder when 591893 is divided by 199.
67
What is the remainder when 1150566 is divided by 575276?
14
What is the remainder when 68615 is divided by 67324?
1291
Calculate the remainder when 350036941 is divided by 16.
13
Calculate the remainder when 73851 is divided by 276.
159
What is the remainder when 273259 is divided by 282?
1
What is the remainder when 13272022 is divided by 134?
126
Calculate the remainder when 11069 is divided by 305.
89
Calculate the remainder when 12520871 is divided by 1183.
1182
Calculate the remainder when 8486999 is divided by 145.
4
What is the remainder when 939683 is divided by 15402?
161
Calculate the remainder when 361633 is divided by 75.
58
What is the remainder when 4644414 is divided by 8569?
16
What is the remainder when 243055 is divided by 5282?
83
Calculate the remainder when 31979714 is divided by 5870.
5824
Calculate the remainder when 437367195 is divided by 3194.
3193
Calculate the remainder when 4269441 is divided by 308.
253
What is the remainder when 1106219 is divided by 241?
29
What is the remainder when 537051 is divided by 843?
60
What is the remainder when 2821471 is divided by 1410734?
3
What is the remainder when 2862020432 is divided by 23?
22
Calculate the remainder when 299284 is divided by 123.
25
Calculate the remainder when 312765 is divided by 1883.
187
What is the remainder when 42809 is divided by 554?
151
What is the remainder when 557030 is divided by 10511?
10458
What is the remainder when 118755906 is divided by 829?
827
Calculate the remainder when 87158 is divided by 82036.
5122
What is the remainder when 30506753 is divided by 296182?
7
What is the remainder when 69111 is divided by 1128?
303
Calculate the remainder when 1642 is divided by 1033.
609
Calculate the remainder when 59624 is divided by 19756.
356
What is the remainder when 8890961 is divided by 31?
6
What is the remainder when 131004 is divided by 18705?
69
Calculate the remainder when 2115513 is divided by 543.
528
What is the remainder when 73369 is divided by 15?
4
Calculate the remainder when 78638 is divided by 3596.
3122
What is the remainder when 64478726 is divided by 7481?
7468
Calculate the remainder when 434101 is divided by 31.
8
Calculate the remainder when 398123 is divided by 72.
35
What is the remainder when 3588743 is divided by 448588?
39
Calculate the remainder when 2275315 is divided by 3350.
665
Calculate the remainder when 158541 is divided by 12195.
6
Calculate the remainder when 417718 is divided by 864.
406
What is the remainder when 170131 is divided by 84356?
1419
What is the remainder when 3777001 is divided by 3217?
243
What is the remainder when 91135 is divided by 18149?
390
What is the remainder when 25780945 is divided by 2939?
37
What is the remainder when 123148 is divided by 1253?
354
What is the remainder when 26042585 is divided by 165?
140
Calculate the remainder when 746927 is divided by 17369.
60
What is the remainder when 22220039 is divided by 11579?
11517
What is the remainder when 3592035 is divided by 44?
7
Calculate the remainder when 374477 is divided by 30817.
4673
Calculate the remainder when 1989 is divided by 619.
132
What is the remainder when 139569 is divided by 1587?
1500
What is the remainder when 12764803 is divided by 142?
139
Calculate the remainder when 2632626 is divided by 2005.
61
What is the remainder when 10234673 is divided by 91?
85
What is the remainder when 492005526 is divided by 23?
14
Calculate the remainder when 48979339 is divided by 1220.
1219
What is the remainder when 370064 is divided by 123354?
2
What is the remainder when 195825 is divided by 818?
323
What is the remainder when 7240510 is divided by 334?
58
What is the remainder when 343058 is divided by 38103?
131
What is the remainder when 611470 is divided by 94?
0
What is the remainder when 45234374 is divided by 126?
122
Calculate the remainder when 9768921 is divided by 2042.
2035
Calculate the remainder when 16063441 is divided by 130597.
10
Calculate the remainder when 1704679 is divided by 89719.
18
What is the remainder when 48636 is divided by 4421?
5
Calculate the remainder when 147704 is divided by 73160.
1384
Calculate the remainder when 104783497 is divided by 57.
55
Calculate the remainder when 581515 is divided by 7648.
267
What is the remainder when 1249905 is divided by 117?
111
What is the remainder when 1408164 is divided by 128014?
10
Calculate the remainder when 570563 is divided by 95061.
197
What is the remainder when 627782 is divided by 911?
103
Calculate the remainder when 22599997 is divided by 70.
7
What is the remainder when 12373194 is divided by 371?
344
What is the remainder when 157178 is divided by 23?
19
Calculate the remainder when 4610659 is divided by 2305320.
19
What is the remainder when 119639364 is divided by 9969942?
60
What is the remainder when 9112766 is divided by 37?
36
Calculate the remainder when 12819749 is divided by 482.
477
Calculate the remainder when 19130950 is divided by 9537.
9265
Calculate the remainder when 222514 is divided by 222475.
39
What is the remainder whe